e 4*o - s = 211, -4*s = 3*o - 5*s - 158. What is the tens digit of o?
5
Let m be (0 - 1)*(-3 + 3). Let i(a) = 5 + 4*a - 3*a + 6 - 2*a. What is the tens digit of i(m)?
1
Suppose 6*b - 164 = 130. What is the units digit of b?
9
Let w = -14 + 39. What is the tens digit of w?
2
Let m be (-4)/(-10) - (-144)/40. Let g(n) = n**2 - 3*n. What is the units digit of g(m)?
4
Let r(w) = 7*w**2 + 3*w + 2. Let i be r(2). What is the units digit of (i/(-24))/((-1)/6)?
9
What is the units digit of (3/4)/(12/864)?
4
Let m(x) = 3*x**3 + 6*x**2 + 6*x - 3. Let j(q) = 7*q**3 + 12*q**2 + 12*q - 5. Let w(r) = -4*j(r) + 9*m(r). What is the tens digit of w(6)?
2
Let b = -43 + 82. What is the units digit of b?
9
Let x(o) be the second derivative of o**4/12 + o**3/6 - o**2/2 - o. Let m be x(2). Suppose 2*a - m = -1. What is the units digit of a?
2
Suppose -2 = 3*v - 23. Suppose -v - 25 = -2*g. What is the tens digit of g?
1
Let z = -8 - -10. Suppose z*r + 40 = 6*r. What is the units digit of r?
0
Let h(l) be the first derivative of l**2 - 6*l + 4. What is the units digit of h(7)?
8
Let i(d) = d**2 - 2*d - 4. Suppose -2*h = h - 12. Let s be i(h). Suppose 0 = s*f + 43 - 103. What is the units digit of f?
5
Let q(d) = -3*d + 30. What is the tens digit of q(-11)?
6
What is the tens digit of (8/(-12))/2 + (-46)/(-3)?
1
Suppose -l - l + 4 = 0. Let d = l + -1. What is the units digit of (-11 - d)/((-9)/6)?
8
What is the units digit of -15*((-56)/20 + 2)?
2
Suppose 0 = 4*y - 5*y - 3*n + 6, -6 = 3*y - 3*n. Suppose y = 5*c - 13 - 2. What is the units digit of c?
3
What is the units digit of 3/6*(4 - 2)?
1
Let d(l) = l + 9. Suppose a = 4*s - 11, -a - 3*s - 9 = -5*s. What is the units digit of d(a)?
2
Let j(y) = -6*y + 18. What is the units digit of j(-8)?
6
Suppose 0 = 3*x + 13 + 140. Let g = x - -72. What is the tens digit of g?
2
Suppose 2*o = 6*o + r - 312, -4*o + r + 304 = 0. What is the tens digit of o?
7
Let k(a) be the first derivative of a**4/2 + a**2/2 - 1. Let f be k(1). Suppose f*r + 5*u + 2 = -9, -3*u = 3*r + 3. What is the units digit of r?
3
Let m = 7 - -151. What is the tens digit of m?
5
Let b be (-5 + 11)/(0 - 1). Let c(j) = -j**3 - 5*j**2 + 4*j - 5. What is the units digit of c(b)?
7
Let b(s) = -2*s - 14. Let c be b(7). Let g = c - -57. What is the tens digit of g?
2
Suppose 0 = 2*g + 4*o - 8, -2*g + 4*o + 0*o = 0. Suppose -g*m = -5*v + m + 36, -3*m = 6. What is the units digit of v?
6
Let t(r) = -2*r - 5. Let m = -1 + 3. Suppose 3*y + 22 = -5*c, c + 3*y = -0*c - m. What is the units digit of t(c)?
5
Suppose -3*m = -g + 67 + 22, 4*m = -5*g + 483. What is the units digit of g?
5
Suppose -14 = q - s - 65, -2*q - 2*s = -86. What is the units digit of q?
7
Let d = 6 + -3. Let m be 2/d - 4/(-3). Suppose 5*w - 10 = -u, 0 = -m*w + 3*w. What is the tens digit of u?
1
Suppose -d - z - 12 = 0, -5*z - 38 = 2*d + d. Let o = -8 - d. What is the units digit of o?
3
Let o(j) = -j**3 + 12*j**2 - 7*j - 9. What is the tens digit of o(11)?
3
Let f(w) = -10*w**2 + 4*w + w + 11*w**2 - 3*w. What is the units digit of f(-6)?
4
Let u(m) = -m - 17. Let a be u(-17). Suppose a*c - 28 = -2*c. What is the units digit of c?
4
Let b = 0 + -2. Let z be 2 + (6/b - -3). What is the units digit of z/4 + (-21)/(-2)?
1
Let d(v) be the first derivative of -v**3/3 - 2*v**2 - 2*v + 1. Let g be d(-5). Let b(h) = -h - 3. What is the units digit of b(g)?
4
What is the units digit of 290/(-30)*(-1 + 2)*-3?
9
Let m(r) = -r**2 - 1. Let p(w) = -w**3 - 2*w**2 + w - 7. Let i(g) = 3*m(g) - p(g). What is the units digit of i(0)?
4
Let w(b) = 117*b - 28. What is the units digit of w(2)?
6
Let c(w) be the third derivative of -w**5/60 + w**4/4 + 3*w**2. Let k be c(5). Suppose 3*m + 3*i = 3, -k*m - 2*i = -17 + 6. What is the units digit of m?
3
What is the tens digit of 3*(-3)/(-18)*346?
7
Let l(f) = -f**3 - 7*f**2 - 6*f + 8. Let b be l(-6). Suppose -140 = 4*t - b*t. What is the units digit of t?
5
What is the units digit of ((-422)/(-56) - 18/63)*12?
7
Let x = -14 - -8. Let t be ((-15)/x)/(1/2). Suppose k - 22 + t = 0. What is the tens digit of k?
1
Suppose 2*v + 2 = 0, 4*v + 19 - 5 = 5*o. Suppose -34 = -o*c + 28. Suppose 4*x = -3*k + c, -3*k + 27 + 5 = 5*x. What is the units digit of k?
9
Suppose -4*m + 0*m = -16. Suppose -h + 4*o + 97 = m*h, -o = -h + 19. What is the tens digit of h?
2
What is the units digit of (1323/18)/((-1)/(-2))?
7
Suppose 3*d - 14 = 34. What is the tens digit of d?
1
Let p = 18 + -18. Suppose -5*b - 29 + 139 = p. What is the tens digit of b?
2
Suppose -4*r + 3*r - 135 = -2*n, -5*n - 3*r + 310 = 0. Let f = n + -44. What is the units digit of f?
1
Let y = -48 - -72. What is the units digit of y?
4
Suppose -20*u + 2091 = 611. What is the units digit of u?
4
Let y = -4 + 21. What is the units digit of y?
7
Suppose -4*v = 3*r - 215 + 26, r + 107 = 2*v. What is the tens digit of v?
5
Let x = 282 + -78. What is the units digit of x?
4
Suppose 0 = 2*h + 3*o - 23, 11 = -3*h - 5*o + 47. What is the units digit of h/(-2)*(2 - 4)?
7
Let c(y) = 2*y - 3 - 1 - y. Let f be c(4). Suppose f + 20 = 4*m. What is the units digit of m?
5
Let q = 52 + -83. Let g = q + 52. What is the tens digit of g?
2
Let z = 23 + -18. Let g(r) = -r**3 + 4*r**2 + 7*r - 3. What is the units digit of g(z)?
7
Let m = -10 - -16. Let b be (m/12)/((-1)/(-6)). What is the units digit of -15*b*4/(-18)?
0
Let u(r) = -3*r + 1. What is the tens digit of u(-7)?
2
Let o(k) be the first derivative of 7*k**4/2 + k**2 - k - 4. What is the units digit of o(1)?
5
Suppose 19*f - 15*f - 1214 = -2*k, 604 = 2*f + 4*k. What is the tens digit of f?
0
Suppose 3*t - 3*u = -t + 68, 5*t - 3*u - 88 = 0. Let n = 45 - t. What is the tens digit of n?
2
Let l = -264 + 421. What is the tens digit of l?
5
Suppose -4*m + 0*r - 2*r + 34 = 0, -4*r + 12 = 0. Let k = 25 - m. What is the tens digit of k?
1
Suppose -3*g + 8*g = 15. Let n(t) = 8*t + 4. Let z be n(8). Suppose -g*c = c - z. What is the tens digit of c?
1
Let r = -45 + 122. Let b = r - 48. What is the tens digit of b?
2
Let q = 14 + -11. Suppose u - 2 = 2*h, 2*u - 13 - 5 = -q*h. What is the units digit of u?
6
Suppose -6*v = -3*v - 21. Suppose 0*r = -2*r + 22. Let j = r - v. What is the units digit of j?
4
Suppose -55 = -3*p + 2. What is the tens digit of p?
1
Suppose 4*r - 3 = 3*l + 12, -3*r = -3*l - 9. Let s = -4 + r. Suppose s*j = -c, 5*j + 7 + 48 = 3*c. What is the tens digit of c?
1
What is the tens digit of -4 + (-72)/(-15) + 7164/20?
5
What is the tens digit of 10/5*(0 + 17)?
3
Let b = -7 - -3. Let n(z) = z**2 + 3*z + 2. Let i be n(b). Suppose -i = -m - 0*m. What is the units digit of m?
6
Suppose -2*v = -9*o + 4*o + 4, -3*v + 4*o = -8. What is the units digit of 134/v - 9/12?
6
Let u(d) = 16*d - 4. What is the units digit of u(4)?
0
Suppose -2*q = -29 - 21. What is the units digit of 965/q + 2/5?
9
Suppose l - 176 = -3*l. What is the units digit of l?
4
What is the units digit of ((-84)/(-70))/(1/65)?
8
Suppose 0*q - 2*q = -3*o + 2, 0 = 2*o - 4*q + 4. Let g(v) = 10*v - 1. What is the units digit of g(o)?
9
Let g(j) = -93*j**3 - j**2 - j - 1. What is the tens digit of g(-1)?
9
What is the tens digit of 366/4*14/21?
6
Suppose 4*v = 196 + 8. What is the units digit of v?
1
Let p be (-58)/(-8) - 1/4. What is the units digit of p - -1*(3 + -5)?
5
Suppose 0 = -3*w + 228 - 78. Let v = w - 32. What is the units digit of v?
8
Suppose -r + 101 = -2*x - 79, -4*x + 672 = 4*r. What is the units digit of r?
2
What is the units digit of (-4)/10*2*-30?
4
Let c = -14 - -10. Let j be 11/c - 9/(-12). What is the units digit of ((-4)/10)/(j/70)?
4
Let v be 1/1 + (-5 - -4). What is the units digit of (-1)/1 - (v + -2)?
1
Let p = 1 - -1. Let g = p + -3. Let i(h) = 4*h**2 - h. What is the units digit of i(g)?
5
Suppose 3*p + 19 - 61 = 0. What is the tens digit of p?
1
Let o = -169 - -523. What is the tens digit of o?
5
Let z = -136 - -66. Let b be (1*3)/((-15)/z). Let c = b - 9. What is the units digit of c?
5
Let q be 2*((-21)/6 - -1). What is the units digit of -5*-3*(-2)/q?
6
Suppose 0*v - 2*v = -8. What is the tens digit of (v + 0)/2 + 9?
1
Let b(w) = w**2 + w - 5. Let r be b(-6). Let k be (6/(-1) + 1)*-1. Suppose 2*g - 7 = 3*h - 20, r = k*g + 4*h. What is the units digit of g?
1
Let o(a) = 3*a - 4. Let i be o(8). 